s l(8)?
2
Let y(p) = -p**2 + 8*p + 1. Determine y(10).
-19
Let i(n) = -n**2 + 11*n + 35. What is i(14)?
-7
Let l(h) = 2*h + 10. What is l(14)?
38
Let g(m) = -m**3 - 4*m**2 - m - 1. Determine g(-3).
-7
Let r(w) = -w**3 - 4*w**2 - 3*w. Give r(-5).
40
Let b(k) = 6*k - 11. What is b(9)?
43
Let n(v) = 27*v**3 + 3*v**2 - 1. Calculate n(-1).
-25
Let h(l) = -2*l - 1. Determine h(6).
-13
Let v(u) = -u**2 - 20*u + 57. Calculate v(-23).
-12
Let h(i) = 3*i + 33. Calculate h(-10).
3
Let l(o) = -o - 22. Determine l(-15).
-7
Let m(i) = 3*i**2 + 13*i + 14. Determine m(-4).
10
Let q(h) = -h**3 + 8*h**2 - 8*h. Calculate q(7).
-7
Let q(j) = -2*j + 37. Calculate q(16).
5
Let x(t) = -8*t - 140. Give x(-17).
-4
Let j(m) = -21*m + 4. Calculate j(1).
-17
Let v(n) = -n**2 + n + 1. Give v(0).
1
Let a(p) = 5*p**2 - 2*p - 3. Calculate a(4).
69
Let r(p) = -p**2 - 11*p + 18. What is r(-12)?
6
Let r(q) = -q**3 + 9*q - 1. What is r(0)?
-1
Let u(o) = -2*o + 2. Give u(1).
0
Let x(p) = 2*p**3 - 32*p**2 - 1. Give x(16).
-1
Let q(r) = 4*r**2 + 25*r + 7. Give q(-6).
1
Let x(p) = -p**2. What is x(7)?
-49
Let s(w) = 18*w**2 + 4*w - 3. Give s(1).
19
Let b(m) = -16*m + 150. What is b(10)?
-10
Let p(y) = -y**2 - 12*y + 10. Determine p(1).
-3
Let u(r) = 15*r - 188. Determine u(13).
7
Let b(a) = -2*a**2 - 17*a - 26. Calculate b(-5).
9
Let y(k) = 4*k**3 + 2*k**2 - k + 1. Determine y(-2).
-21
Let d(u) = 3*u - 4. Give d(-10).
-34
Let a(l) = -l**2 + 3*l - 6. Determine a(2).
-4
Let g(i) = -37*i - 34. Give g(-1).
3
Let k(i) = -3*i**3 + 15*i**2 - 11*i + 13. Determine k(6).
-161
Let q(r) = -r**3 - 14*r**2 + 4*r + 30. Calculate q(-14).
-26
Let h(i) = -i**2 + 5*i + 2. What is h(7)?
-12
Let u(b) = 32*b + 296. Determine u(-9).
8
Let l(v) = 30*v + 47. Determine l(-2).
-13
Let p(i) = -i - 4. Determine p(-6).
2
Let x(n) = n**3 + 3*n**2 + 10. What is x(-3)?
10
Let r(n) = -3*n + 15. Determine r(5).
0
Let k(r) = r**2 + r - 2. What is k(1)?
0
Let t(d) = 3*d + 53. What is t(-8)?
29
Let v(m) = m**2 + m - 110. Give v(11).
22
Let n(i) = -2*i**2 + 4*i - 7. What is n(5)?
-37
Let m(u) = 39*u + 18. Calculate m(-3).
-99
Let d(c) = 11*c - 58. Give d(7).
19
Let j(r) = -27*r + 456. Give j(17).
-3
Let d(l) = l + 34. What is d(-25)?
9
Let a(x) = 2*x**3 - 5*x**2 + 7*x - 4. Calculate a(4).
72
Let y(d) = d**2 + 7*d - 28. Calculate y(-8).
-20
Let v(s) = -16*s - 2. Give v(0).
-2
Let s(g) = g**2 - 8*g - 10. Give s(11).
23
Let r(b) = 2*b + 1. What is r(0)?
1
Let r(g) = 3*g - 3. What is r(2)?
3
Let y(h) = h**3 + 11*h**2 + 10*h + 7. Calculate y(-10).
7
Let d(t) = -t**3 - 29*t**2 + 27*t - 100. Determine d(-30).
-10
Let q(u) = -3*u**2 + 29*u - 12. Give q(9).
6
Let i(b) = b**3 + 2*b**2 - 17. What is i(4)?
79
Let d(b) = 4*b - 165. Give d(45).
15
Let r(c) = c**3 + 3*c**2 - 5*c - 2. Give r(-5).
-27
Let t(p) = -p**2 + 14*p + 13. Determine t(0).
13
Let h(d) = d**2 + 10*d - 41. What is h(-13)?
-2
Let q(z) = z**2 - 4*z + 210. Calculate q(0).
210
Let q(k) = k**2 + 8*k + 5. Determine q(-6).
-7
Let f(z) = z + 2. What is f(-7)?
-5
Let g(v) = 2*v**3 + 5*v**2 + 2*v + 11. Determine g(-5).
-124
Let r(m) = -6*m. Calculate r(7).
-42
Let h(s) = s**2 + 3*s - 10. Calculate h(-7).
18
Let p(k) = 2*k**2 + 15*k - 40. Determine p(-12).
68
Let v(t) = -11*t**2 - 5*t + 5. What is v(2)?
-49
Let m(l) = l**2 - 8*l + 1. Calculate m(8).
1
Let h(s) = 2*s - 63. Determine h(23).
-17
Let s(c) = 3*c + 4. Give s(-2).
-2
Let w(i) = -i**3 - 15*i**2 - 3*i + 3. Calculate w(-15).
48
Let p(i) = i**2. Determine p(4).
16
Let s(j) = -24*j - 25. Determine s(-3).
47
Let o(r) = -9*r + 183. What is o(21)?
-6
Let y(q) = q**3 - 8*q**2 - 4*q + 16. What is y(8)?
-16
Let o(q) = -q**3 - 9*q**2 - 7*q + 7. Give o(-8).
-1
Let v(l) = -7*l + 107. What is v(15)?
2
Let q(w) = -w**3 + 2*w**2 + 2. Give q(3).
-7
Let j(a) = -5*a - 8. Calculate j(-5).
17
Let x(v) = v**3 - 4*v**2 - 9*v - 3. Calculate x(5).
-23
Let d(f) = 45*f + 300. Determine d(-7).
-15
Let p(y) = -y**2 + 1. Determine p(5).
-24
Let x(h) = -20*h + 2. What is x(2)?
-38
Let c(n) = -n**3 + 6*n**2 + 6*n + 8. Determine c(7).
1
Let o(c) = 4*c**2 + 5*c + 5. Give o(-2).
11
Let g(a) = 4*a - 2. Calculate g(-1).
-6
Let c(z) = -36*z. Calculate c(-1).
36
Let g(w) = 4*w - 12. What is g(13)?
40
Let m(g) = g**3 + 50*g**2 + 89*g - 335. What is m(-48)?
1
Let n(r) = -r**2 + r + 2. What is n(2)?
0
Let u(y) = y - 7. What is u(8)?
1
Let s(w) = w**3 + 18*w**2 - w - 20. Give s(-18).
-2
Let w(o) = o**3 - 12*o**2 + 14*o - 13. Determine w(11).
20
Let l(n) = 56*n**3 - n**2 + 2*n + 1. What is l(-1)?
-58
Let f(p) = -2*p + 9. Calculate f(14).
-19
Let g(p) = -11*p - 85. Calculate g(-8).
3
Let w(a) = a**2 + 7*a - 27. Calculate w(-10).
3
Let v(w) = w**2 - 16*w + 11. Give v(15).
-4
Let y(k) = -k**2 + 3*k + 1. Calculate y(2).
3
Let i(u) = -2*u**3 - 4*u**2 + u + 3. Determine i(-3).
18
Let k(h) = -h**3 + 29*h**2 - 26*h - 51. Give k(28).
5
Let a(v) = 2*v - 44. Calculate a(24).
4
Let z(v) = -v**3 + 5*v**2 - 13*v + 5. Determine z(5).
-60
Let g(i) = i**2 + 6*i + 10. Determine g(-5).
5
Let g(f) = -26*f + 39. Calculate g(2).
-13
Let t(i) = i**3 + i**2 - 3*i - 1. Give t(-3).
-10
Let y(g) = -g**3 - g**2 - 4. Give y(0).
-4
Let f(l) = l**2 - 23*l + 93. Determine f(18).
3
Let s(y) = 8*y**2 + 1. Give s(-1).
9
Let m(p) = -p + 22. What is m(22)?
0
Let j(a) = 3*a**2 - 5*a - 22. Calculate j(-4).
46
Let k(a) = a**3 - 12*a**2 + 10*a + 14. What is k(11)?
3
Let v(x) = 2*x**3 + 12*x**2 + 2*x + 5. Determine v(-6).
-7
Let f(p) = 3*p - 10. What is f(5)?
5
Let i(c) = c**3 - 7*c**2 - 22*c - 7. Calculate i(9).
-43
Let g(m) = m**2 - 2*m - 6. Give g(3).
-3
Let c(d) = -d**2 - 5*d - 1. Calculate c(-6).
-7
Let h(q) = 73*q + 10. What is h(-1)?
-63
Let x(r) = r**2 - 27*r + 137. What is x(9)?
-25
Let h(y) = -y**3 - 7*y**2 - 7*y - 5. Determine h(-6).
1
Let j(l) = 2*l + 80. Determine j(-21).
38
Let c(n) = -n**2 - 17*n + 67. Calculate c(-21).
-17
Let i(y) = -y - 26. Calculate i(-17).
-9
Let n(o) = o - 9. What is n(6)?
-3
Let i(w) = 5*w - 20. Determine i(4).
0
Let c(r) = -2*r**3 - 5*r + 4. What is c(3)?
-65
Let f(t) = -t**2 + 6*t + 5. Give f(9).
-22
Let s(v) = v + 2. Give s(-5).
-3
Let s(z) = -2*z**3 + 55*z**2 + 28*z + 2. Calculate s(28).
2
Let c(g) = g**2 - 19*g + 32. Calculate c(19).
32
Let q(z) = 8*z + 9. What is q(-8)?
-55
Let v(n) = -n**2 + n + 33. Determine v(6).
3
Let d(x) = x**3 + 18*x**2 - 19*x + 14. Give d(-19).
14
Let y(c) = -7*c - 6. Give y(9).
-69
Let g(n) = 5*n**2 + 8*n - 8. What is g(1)?
5
Let c(w) = w**3 + 27*w**2 + 26*w + 1. Calculate c(-26).
1
Let b(a) = -a**2 - 9*a - 16. Calculate b(-4).
4
Let j(w) = -8*w + 6. Calculate j(-2).
22
Let b(d) = d**3 - 6*d**2 + 3*d. Give b(5).
-10
Let n(j) = j - 12. What is n(10)?
-2
Let o(x) = x**3 + 28*x**2 + 29*x - 26. Calculate o(-27).
-80
Let h(z) = -z**3 - 21*z**2 - 48*z - 556. What is h(-20)?
4
Let g(c) = -c**3 - 3*c**2 + 3*c + 2. Give g(-4).
6
Let j(c) = -7*c - 4. Calculate j(-4).
24
Let d(r) = -2*r**3 + 5*r**2 + 4*r + 5. Give d(4).
-27
Let g(o) = o**2 + o - 22. Give g(5).
8
Let f(n) = 45*n + 422. What is f(-9)?
17
Let t(l) = -43*l + 18. Give t(2).
-68
Let o(q) = q**2 + 4*q - 57. Give o(-10).
3
Let t(r) = -r**2 + 7*r + 4. Determine t(-3).
-26
Let k(f) = -f - 10. Determine k(-15).
5
Let x(w) = -w**2 + 19*w - 29. Determine x(17).
5
Let k(o) = -o + 8. Give k(6).
2
Let o(t) = -t**3 - 2*t**2 - 2*t + 3. What is o(0)?
3
Let f(g) = -2*g**3 + 21*g**2 - g - 9. What is f(10)?
81
Let p(l) = l**2 - 13*l + 10. What is p(13)?
10
Let c(y) = y**2 - y - 1. Calculate c(0).
-1
Let a(g) = -g + 32. Give a(-20).
52
Let s(t) = 2*t**2 - 8*t + 3. Calculate s(6).
27
Let v(i) = 9*i - 76. Determine v(9).
5
Let l(t) = -2*t**2 - 3*t - 4. Calculate l(-4).
-24
Let x(p) = -p**2 + 6*p + 8. Calculate x(4).
16
Let j(k) = -k**2 - 10*k - 18. Calculate j(-12).
-42
Let a(v) = 6*v**2 + 74*v + 28. Determine a(-12).
4
Let o(n) = -n**3 + 15*n**2 + 35*n - 12. Give o(17).
5
Let u(l) = 2*l**2 + 18*l + 67. Determine u(-7).
39
Let f(r) = r**2 - 50*r + 265. Calculate f(44).
1
Let p(k) = -k**3 - 17*k**2 - 5*k + 34. What is p(-17)?
119
Let k(y) = -2*y**3 - 18*y**2 + 3*y + 7. Determine k(-9).
-20
Let t(f) = -6*f**3 + 2*f**2 - 2*f - 3. What is t(-2)?
57
Let g(w) = w**3 - 5*w**2 - 5*w - 5. Determine g(6).
1
Let j(x) = -3*x**2 - 2*x - 2. Calculate j(-3).
-23
Let g(h) = h**2 + 6*h - 21. What is g(-10)?
19
Le